{"id":5067,"date":"2021-12-01T06:21:34","date_gmt":"2021-12-01T06:21:34","guid":{"rendered":"https:\/\/www.lazerepilasyon.gen.tr\/?page_id=5067"},"modified":"2026-05-05T18:29:29","modified_gmt":"2026-05-05T15:29:29","slug":"firma-ekle","status":"publish","type":"page","link":"https:\/\/www.bornova.com.tr\/lazer-epilasyon\/firma-ekle\/","title":{"rendered":"Firma Ekle"},"content":{"rendered":"\n<p>\u0130\u015fletmenizin Lazerepilasyon sitesinde de yer almas\u0131n\u0131 istiyorsan\u0131z firma bilgilerinizi <strong>destek[at]bornova.com.tr<\/strong> adresine g\u00f6nderebilirsiniz. Bilgileri edit\u00f6rlerimiz taraf\u0131ndan kontrol edilecek ve yay\u0131na uygun olup olmad\u0131\u011f\u0131na karar verilecektir. Lazerepilasyon g\u00f6nderilen bilgilerin yay\u0131nlanaca\u011f\u0131n\u0131 garanti etmez.<\/p>\n","protected":false},"excerpt":{"rendered":"<p>\u0130\u015fletmenizin Lazerepilasyon sitesinde de yer almas\u0131n\u0131 istiyorsan\u0131z firma bilgilerinizi destek[at]bornova.com.tr adresine g\u00f6nderebilirsiniz. Bilgileri edit\u00f6rlerimiz taraf\u0131ndan kontrol edilecek ve yay\u0131na uygun olup olmad\u0131\u011f\u0131na karar verilecektir. Lazerepilasyon g\u00f6nderilen bilgilerin yay\u0131nlanaca\u011f\u0131n\u0131 garanti etmez.<\/p>\n","protected":false},"author":1,"featured_media":0,"parent":0,"menu_order":0,"comment_status":"closed","ping_status":"closed","template":"","meta":{"_uag_custom_page_level_css":"","footnotes":""},"class_list":["post-5067","page","type-page","status-publish","hentry"],"aioseo_notices":[],"uagb_featured_image_src":{"full":false,"thumbnail":false,"medium":false,"medium_large":false,"large":false,"1536x1536":false,"2048x2048":false},"uagb_author_info":{"display_name":"Lazer Epilasyon","author_link":"https:\/\/www.bornova.com.tr\/lazer-epilasyon\/author\/admin\/"},"uagb_comment_info":0,"uagb_excerpt":"\u0130\u015fletmenizin Lazerepilasyon sitesinde de yer almas\u0131n\u0131 istiyorsan\u0131z firma bilgilerinizi destek[at]bornova.com.tr adresine g\u00f6nderebilirsiniz. Bilgileri edit\u00f6rlerimiz taraf\u0131ndan kontrol edilecek ve yay\u0131na uygun olup olmad\u0131\u011f\u0131na karar verilecektir. Lazerepilasyon g\u00f6nderilen bilgilerin yay\u0131nlanaca\u011f\u0131n\u0131 garanti etmez.","_links":{"self":[{"href":"https:\/\/www.bornova.com.tr\/lazer-epilasyon\/wp-json\/wp\/v2\/pages\/5067","targetHints":{"allow":["GET"]}}],"collection":[{"href":"https:\/\/www.bornova.com.tr\/lazer-epilasyon\/wp-json\/wp\/v2\/pages"}],"about":[{"href":"https:\/\/www.bornova.com.tr\/lazer-epilasyon\/wp-json\/wp\/v2\/types\/page"}],"author":[{"embeddable":true,"href":"https:\/\/www.bornova.com.tr\/lazer-epilasyon\/wp-json\/wp\/v2\/users\/1"}],"replies":[{"embeddable":true,"href":"https:\/\/www.bornova.com.tr\/lazer-epilasyon\/wp-json\/wp\/v2\/comments?post=5067"}],"version-history":[{"count":5,"href":"https:\/\/www.bornova.com.tr\/lazer-epilasyon\/wp-json\/wp\/v2\/pages\/5067\/revisions"}],"predecessor-version":[{"id":8414,"href":"https:\/\/www.bornova.com.tr\/lazer-epilasyon\/wp-json\/wp\/v2\/pages\/5067\/revisions\/8414"}],"wp:attachment":[{"href":"https:\/\/www.bornova.com.tr\/lazer-epilasyon\/wp-json\/wp\/v2\/media?parent=5067"}],"curies":[{"name":"wp","href":"https:\/\/api.w.org\/{rel}","templated":true}]}}